igit of t(p)?
7
Let u(s) = 3*s - 52. Let w be u(-7). Let x = w + 309. What is the units digit of x?
6
Let x(n) = n**2 - 12. Suppose 3*p - 2*y = -7 - 3, -14 = 3*p + 2*y. Let u be x(p). Suppose 4*z - u*k - k = 488, 2*z - 270 = -4*k. What is the tens digit of z?
2
Suppose 0 = 2*s + w - 10336, s + 15*w - 13*w - 5168 = 0. What is the tens digit of s?
6
Let h(o) = -38*o**2 + 2*o + 67*o**2 + o + 25. What is the hundreds digit of h(-5)?
7
Let h = 2025 + 7354. What is the tens digit of h?
7
Let r be (7/63)/(5/45). Let u = -5 - -8. What is the units digit of (-2 + u)*(162 - r)?
1
Suppose 75543 = 35*r - 181917. What is the hundreds digit of r?
3
Let c(l) = 2*l**3 - 14*l**2 + 7*l - 6. Let p be c(9). Let a = 877 - p. What is the units digit of a/8 + 0/2?
2
Suppose 3*h + 60*m = 57*m + 58641, -5*m = -2*h + 39059. What is the units digit of h?
2
Let x be (-10)/12*4*12/(-8). What is the units digit of x + 5/2*(-204)/(-15)?
9
Suppose -3*c + 20388 = -s, -13591 = -25*c + 23*c + s. What is the units digit of c?
7
Let y(s) = s**2 + 14 - 14*s + 38 - 18 + s**3. What is the tens digit of y(7)?
2
Suppose -23*k = -25*k + 16. Suppose o = 4*f - 4804, 5*f - k*o = -3*o + 6005. What is the thousands digit of f?
1
Let k(g) = -451*g + 78. Let r = -148 - -144. What is the tens digit of k(r)?
8
What is the hundreds digit of ((-38)/(-16) - 2) + 151130/16?
4
Suppose 14*g - 26 = 11*g + 4*t, 4*g - 28 = 2*t. Suppose -4*i + 833 = 2*d + i, -2*i - g = 0. What is the hundreds digit of d?
4
What is the units digit of (-738)/7*((-560)/(-3))/(-20)?
4
What is the hundreds digit of ((-3)/(-15) + 494/(-195))/(3/(-4149))?
2
Let h = 31 - 26. Suppose -n = -2, 31 = h*f + 3*n - 985. Let i = f + 6. What is the units digit of i?
8
What is the ten thousands digit of 252402/31*-8*(-4)/6?
4
Let q = -39828 - -64914. What is the tens digit of q?
8
Suppose -3*h + 7370 = 101. What is the units digit of h?
3
Let f(t) = -t**2 + 3*t + 8. Let m be f(4). Let v(q) = -11*q - m - 15*q + 6. What is the tens digit of v(-2)?
5
Let f be 1 - ((-105)/(-7))/(-5). Suppose -5*r + 92 = 3*l - 483, 3*l = f*r - 487. What is the hundreds digit of r?
1
Let f(z) = 23*z**2 - 80*z + 129. What is the ten thousands digit of f(-29)?
2
What is the thousands digit of 212*((-192)/(-24) + (-306)/(-4))?
7
Suppose -49*z - 670 = -54*z. Suppose 0 = -5*k + s + 703, -7*s = k - 5*s - z. What is the units digit of k?
0
Let v = 74 + -69. Suppose 0 = -2*c + 2*y - 7*y + 68, v*c + 3*y - 132 = 0. Suppose 11*x - 372 = c. What is the units digit of x?
6
Suppose -44*s = -48*s - 16, 2*s + 78902 = u. What is the tens digit of u?
9
Let f(a) = -19*a**3 - 6*a**2 + 15. Let l be f(-5). Suppose 3*o - 2*c - 3690 = -2*o, 3*o = -4*c + l. What is the tens digit of o?
4
Suppose 111579 + 208917 = 44*g. What is the thousands digit of g?
7
Suppose -13754 + 64581 = 2*m + s, 0 = -s + 7. What is the hundreds digit of m?
4
Suppose 4*a + w - 30461 = 8482, -2*a = -3*w - 19461. What is the thousands digit of a?
9
Let r(c) = 86*c**2 + 48*c - 99. What is the hundreds digit of r(6)?
2
Let u = 41 + -38. Let k(m) = m**2 - 5*m + 13. Let h be k(u). Suppose h*a - 566 = -48. What is the tens digit of a?
7
Let a be 5173/(-15) + (-4)/30. Let s = -170 - a. What is the units digit of s?
5
Let l(a) = a**3 + 10*a**2 + a + 12. Let d be l(-10). Suppose 22 = -f + 3*f - 3*n, 0 = f - d*n - 12. What is the tens digit of 795/20*f/3?
0
Let m(k) = -k**3 + 18*k**2 + 16*k + 16. Suppose -4*r = -n - 48, 3*n = -5*r + 29 + 31. Let c be m(r). What is the units digit of (-8)/40 + c/10?
7
Suppose 0 = 3*c - 4*w + 6, 0*c + 4*w = c + 10. Suppose c*g - 1071 - 127 = 0. What is the units digit of g?
9
Let y be (2 + 2 - 14) + -3. Let d = y - -18. Suppose d*f = -0*f + 445. What is the units digit of f?
9
What is the ten thousands digit of 1*-1756*(-81)/12?
1
Suppose -9*u + 106167 = 3*g, -g = -3*u + 24526 + 10855. What is the hundreds digit of u?
7
Suppose -4*o - o + 10 = 0. Suppose -3*k + 2*k = -q, -5*k + 3*q = -o. What is the units digit of (-1)/(k + (-27)/24)?
8
Suppose -424*r + 457*r - 57585 = 0. What is the tens digit of r?
4
Let p(d) = 5*d**3 + 3*d**2 + 4*d - 14. Let c be p(3). Let m be (-4)/26 - c/(-26). Suppose -m*r - 77 = -7*r. What is the units digit of r?
7
Suppose 210 = -5*m + 2*z, -2*m - 2*z = 36 + 34. Let f be (14/(-4) - -1)/(5/m). Suppose -5*t + f = -5. What is the units digit of t?
5
What is the ten thousands digit of -8*(128970/(-80) + -3)?
1
Let n = -7767 - -39315. What is the thousands digit of n?
1
Let f be 11 + (-11)/((-33)/(-18)). Suppose 15*d - 4840 = f*d. What is the tens digit of d?
8
Let o(d) = -d**3 - 57*d**2 + 74*d + 374. What is the hundreds digit of o(-62)?
0
Let z be (-16)/(-14)*35/10. Let f be z/(-14) + 360/84. Let q = 66 + f. What is the tens digit of q?
7
What is the thousands digit of -6 - -13 - (-9001 + 7 - -8)?
8
Suppose 322*k + 554210 - 8491188 = 0. What is the ten thousands digit of k?
2
Let y(x) = x**3 + 6*x**2 - 19*x - 119. Let v be y(-6). Let o(n) = -158*n - 11. What is the tens digit of o(v)?
7
Suppose 11*c + g - 4033 = 6*c, 3*c = 4*g + 2452. Suppose 6*x = 2*x + 3200. Suppose -3*n + t + x = n, -4*n + c = t. What is the units digit of n?
1
Let r = 18 + -21. Let i be (-32)/r + (-17)/(-51). Let x(a) = 10*a - 38. What is the units digit of x(i)?
2
Let z = 36502 + -1363. What is the ten thousands digit of z?
3
Let u = -585 + 272. Let n = 632 + u. What is the hundreds digit of n?
3
Let j(r) = -6*r**2 + 14*r - 25. Let u be j(9). Let n(s) = 40*s - 10. Let h be n(-5). Let d = h - u. What is the units digit of d?
5
Let n(g) = -2*g**3 - g**2 + g - 1. Let r(z) = 8*z**3 - 18*z**2 + 18*z - 67. Let d(i) = 3*n(i) + r(i). What is the tens digit of d(14)?
9
Let k = -45 + 38. Let c(j) = j**2 + 5*j - 11. Let g be c(k). What is the tens digit of (58*3)/g + -9 + 6?
5
Suppose u + 5*l = 23, -23 = -50*u + 45*u - 2*l. Suppose -4*g + 0*n = u*n - 3674, 0 = -4*g - 4*n + 3672. What is the tens digit of g?
2
Let k = 50 - 45. Let g be 1727/k + 4/(-10) + -3. Suppose -3*f + g = -f - 4*i, -5*i + 10 = 0. What is the units digit of f?
5
Let a be (-10)/(-4)*2 + -4 + 4. What is the hundreds digit of -10*a/4*(-2604)/105?
3
What is the units digit of 478/(-7)*(-22 - -11 - 24)?
0
Let l be (-1 - -6)*((-10)/25)/1. Let o be (-18)/(-21)*14*l/(-8). Suppose o*d - 117 - 114 = 0. What is the units digit of d?
7
Suppose 253*t - 22482 = 250*t. What is the tens digit of t?
9
Suppose 25 = n + 4*n + 2*q, -5*n + 4*q + 55 = 0. Suppose 0 = n*t + 5*t - 13368. Suppose t + 422 = 8*u. What is the tens digit of u?
9
Let o be ((-24)/(-20))/(7/140). What is the hundreds digit of (954/o)/(2 + (-62)/32)?
6
Suppose 0 = -4*o - 4*o + 1888. What is the units digit of o + (0/(-4))/4?
6
Let z(a) = -445*a + 12623. What is the tens digit of z(-130)?
7
Let v(i) = -10*i**3 - 2*i**2 - 2*i - 6. Let a be v(-4). Suppose 11*t - a = t. Let u = -29 + t. What is the units digit of u?
2
Let t = -336 + 639. Let y = 931 - t. What is the tens digit of y?
2
What is the ten thousands digit of 7 + (344190/27 - -1) + 2/9?
1
Suppose -2 + 11 = n + m, -n - 3*m = -1. Suppose -n*b + 10868 - 3380 = 0. What is the hundreds digit of b?
5
Let z(g) = -1460*g - 529. What is the thousands digit of z(-8)?
1
Suppose 4*f - 5*z = 7, 3*z + 0*z = 4*f - 17. Suppose -4*u - 5*l = -37, -2 = -2*l + f. Suppose 198 = u*c + 3*c. What is the tens digit of c?
3
Suppose -3*r + f + 17 + 346 = 0, 0 = 2*r - 2*f - 238. What is the hundreds digit of r?
1
Let i = 3234 - 2543. What is the units digit of i?
1
Suppose q = -3*t + 17, -4 = -2*q + 3*t - 15. Suppose q*h - 4*x = 2008 - 686, 0 = -4*x - 4. What is the units digit of h?
9
Suppose 29 = -22*c + 95. Suppose -3*j + 2*j = -8. Suppose -c*b = -j*b + 570. What is the tens digit of b?
1
Let f = -49111 - -76649. What is the ten thousands digit of f?
2
Let i(h) = -2961*h - 2974. What is the ten thousands digit of i(-15)?
4
Suppose 222674 = -13*w + 67*w - 98464. What is the units digit of w?
7
Let p(n) = 82*n - 1270. What is the units digit of p(85)?
0
Let y = -17622 + 29785. What is the units digit of y?
3
Let d be 1 - (2 - (-6)/3). Let w be 17 + d/(-1) - 1. Suppose 4*y - 17 = w. What is the units digit of y?
9
Let v(s) = 4*s - 3 - 27*s + 4. Suppose 3*u + 11 - 6 = -o, 0 = -2*u - 2*o - 2. What is the units digit of v(u)?
7
Suppose 58*h = 59*h + 2. Let k